329*a + 317*a + 3072. What is the highest common divisor of a and 136?
8
Let o(y) = -27*y - 701. Let i be o(-26). What is the greatest common factor of 52 and i?
1
Suppose 0 = -3*j + 1449 - 1413. What is the highest common factor of 588 and j?
12
Suppose 5*x - 907 + 152 = 2*w, -x = 5*w - 124. Let u = x + 199. Calculate the greatest common factor of 12 and u.
12
Let c(h) = h**2 + 6*h + 2. Let q be c(-6). Let r be (q/4)/((-4)/(-408)). Let l be 2/7 + (1602/315)/(5/100). Calculate the greatest common divisor of r and l.
51
Let q(u) = u**3 + 11*u**2 - 12*u + 1. Let s be q(-12). Let r be 94 + s + -3 + 6. Suppose -8*c = -30 - r. What is the highest common factor of c and 4?
4
Let m be 3 + 0 + (-456)/((-36)/6). Let f = 91 + -151. Let o = m + f. Calculate the greatest common divisor of o and 19.
19
Let v(w) = 8*w**2 + 19. Let t be v(-4). Let c = -125 + t. What is the greatest common factor of 110 and c?
22
Suppose -1302 = 103*o + 58*o - 5005. Calculate the highest common factor of 1679 and o.
23
Let f be 3/(((-299)/(-273))/23). Calculate the greatest common factor of 2247 and f.
21
Let f = -14078 + 14248. Calculate the highest common factor of f and 16.
2
Let z = 54 + -63. Let a be (-2)/z - (-2 - (-120)/54). Suppose a = -6*c - 26 + 56. What is the greatest common factor of 10 and c?
5
Let x(h) = -5*h**3 + 5*h**2 - 6*h + 8. Let a be x(2). Let y be (a/2)/(21/196*-2). Calculate the highest common divisor of 14 and y.
14
Let t be (1 - -14 - (-15)/(-5)) + 0. Let w be (-356)/(-5) + t/15. Calculate the highest common divisor of w and 16.
8
Suppose 3*x + 3*u = 24, 0 = x - 4*u - 8 - 10. Let i = -4 + x. Suppose -10*z + 176 = -i*z. What is the highest common divisor of 66 and z?
22
Let h be -1 + ((-60)/(-9))/5 + (-56308)/(-6). Calculate the greatest common divisor of h and 10.
5
Suppose -t - 3*k = -377, -1040 - 103 = -3*t + 3*k. Suppose t = 25*c - 20*c. Calculate the highest common divisor of c and 19.
19
Suppose 12*v - 9*v - 75 = 3*t, 3*t - 85 = -5*v. Let r be (-185)/(-2) - (-10)/v. What is the greatest common factor of 6 and r?
3
Suppose -3*i - s - s - 50 = 0, 4*s - 8 = 0. Let c = -7 - i. Let u = -16859 - -16903. What is the greatest common factor of u and c?
11
Suppose 213*x = 4*a + 210*x - 245, -2*a + x + 123 = 0. Calculate the highest common factor of a and 713.
31
Let n be 1 - (-2)/((-2)/(-57)). Let s(m) = 279*m + 59708. Let d be s(-214). Calculate the highest common divisor of d and n.
2
Let v = 328 - 298. Suppose -n - 9*n = -v. Calculate the greatest common factor of n and 17.
1
Let p be (-10)/(-3)*3618/335. What is the greatest common divisor of p and 228?
12
Suppose -1095 + 1935 = 20*w. Calculate the highest common factor of w and 784.
14
Let c be 3 + (-5)/((-10)/4). Suppose 6*z - 4*q = 1356, -33*z + 32*z + 256 = -4*q. What is the highest common factor of z and c?
5
Suppose -3*z + 579 = 3*u, 5*z + 0*z + 790 = 4*u. Calculate the greatest common divisor of u and 27.
3
Let p be ((-6)/8)/((-843)/140 + 6). Suppose -s + 200 - 88 = 0. Calculate the greatest common divisor of p and s.
7
Let y(h) = -54*h**3 - 4*h**2 - 2*h. Let g be y(-1). Let o = 73 - g. Calculate the greatest common factor of o and 3.
3
Suppose -v + 230 = w, 3*w - 1032*v = -1031*v + 610. Suppose 2*b - 3*b - 673 = -4*d, -3*d + b + 505 = 0. What is the greatest common divisor of d and w?
42
Suppose -3*b + 0*n + 39878 = -2*n, -13306 = -b - n. What is the greatest common factor of b and 122?
122
Suppose s - 3*u = -1171 + 1669, -5*s + 3*u + 2562 = 0. Calculate the highest common divisor of s and 2451.
129
Suppose 3*d - 1344 = 4*y - 9*y, 0 = y + 3*d - 264. Suppose 167 = 19*g - y. Calculate the highest common divisor of 299 and g.
23
Let a(b) = 203*b + 29. Let u be a(5). Suppose 0*o = 12*o - u. Calculate the highest common divisor of 116 and o.
29
Let l(z) = -11*z**3 + 42*z**2 + 7*z + 10. Let a be l(-7). Calculate the greatest common divisor of 1629 and a.
181
Let r(v) = -427*v + 5567. Let p be r(-21). Calculate the highest common factor of 78 and p.
26
Suppose 99*x + 24*x - 3341 = -134*x. Calculate the highest common factor of 18863 and x.
13
Suppose 3*k + 0*k = 3. Let m = 5 + k. Suppose -13*a = 2*a + 346 - 1066. Calculate the highest common factor of a and m.
6
Let d(b) = 39*b + 17. Let m(q) = -q**2 - 1. Let t(p) = d(p) + 4*m(p). Let z be t(8). Calculate the highest common divisor of z and 3.
3
Let w(i) = 8*i**2 + 18*i + i**3 - 27*i - 2 - 26*i - 2. Let j be w(4). Let r = 103 - 39. Calculate the highest common factor of r and j.
16
Let d(s) = s**3 + 10*s**2 + 17*s - 13. Suppose 31 = -5*q - 4. Let f be d(q). Calculate the highest common factor of f and 15.
15
Let y = -1332 - -1845. What is the greatest common factor of y and 189?
27
Suppose -2*u = -8*t - 46, 61*u - 52 = 57*u - 4*t. What is the greatest common divisor of 474 and u?
3
Let x = -25265 - -27071. What is the highest common divisor of x and 645?
129
Let s(m) = -374*m + 2. Let y be s(-6). Suppose 23*n + y = 7766. What is the highest common factor of 144 and n?
48
Let l be 9/9 + 43*3. Suppose -4*g + 42*x = 39*x - 61, g - 5*x = 45. Calculate the highest common divisor of g and l.
10
Let i(l) be the first derivative of l**4/4 - 13*l**3/3 - 4*l**2 + 15. Let h be i(14). Suppose -4*b + 8*b = h. Calculate the greatest common divisor of b and 63.
21
Suppose -46436 + 3449 = -69*v. Calculate the highest common divisor of v and 178.
89
Let x be (-20)/(4/(-8) + 0). Let a = 208 - 199. Let q = x - a. What is the highest common factor of q and 31?
31
Let k be 330/75 + 6/10. Suppose k*x - 3*w + w - 4 = 0, -3*w = 6. Suppose -110 = -o - y + 6*y, x = y - 2. What is the highest common factor of o and 30?
30
Let a be (-175)/10*(-2 - 4/5). Suppose 0 = -53*k + a*k + 128. What is the greatest common factor of k and 32?
32
Let v = -3612 - -3742. What is the highest common factor of 1625 and v?
65
Suppose -634*w + 2640 = -614*w. Calculate the greatest common factor of w and 407.
11
Suppose 124*o = 61*o - 213*o + 27324. Calculate the greatest common factor of 26532 and o.
99
Let a(r) = 176*r - 1651. Let w be a(15). What is the greatest common factor of 129 and w?
43
Suppose 0 = -0*f - 2*f + 152. Suppose -5*u - 5*c = c - 92, u - 3*c - 10 = 0. What is the highest common factor of f and u?
4
Let f(t) = -3*t**3 + 3*t**2 - 2*t. Let r be f(2). Let s be -15*r/10*-1. Let y be (-1108)/s - 3/18. What is the greatest common factor of y and 46?
46
Suppose 2*h - 2*y = 1088, -2*y - 1501 - 667 = -4*h. Suppose 0 = -14*k + 20*k - h. Calculate the greatest common divisor of 150 and k.
30
Let m = 2628 - 2587. Calculate the highest common factor of m and 697.
41
Suppose -4*p = -3*f - 12703, 2*p - 16*f = -15*f + 6349. Calculate the greatest common divisor of p and 312.
52
Let x be 18/(-45) + (-17)/(-5). Suppose 5*t = -5*o + 152 - 7, 0 = o - 4. Suppose 5*p - t + 10 = 0. What is the greatest common divisor of x and p?
3
Let k = 1037 - 625. Suppose k = 12*m - 20. Calculate the greatest common divisor of 252 and m.
36
Let s(m) = 7*m**2 - 11*m - 10. Let b be s(-1). Suppose 0 = -5*u + 532 + 748. What is the greatest common factor of u and b?
8
Suppose 11*l + 102 = 46*l - 1053. What is the highest common factor of l and 4763?
11
Suppose -3*y + 870 = -3*r, -r + 63 = 4*y + 358. Let k = -1 - r. What is the highest common divisor of k and 20?
10
Let o(j) = 28*j**3 - 23*j**2 + 42*j - 5. Let c be o(3). What is the greatest common divisor of c and 450?
10
Suppose 2*p = 2*w - 8, 4*w + 2 - 8 = -p. Let g be 98/21*(-99)/p. Calculate the highest common divisor of g and 99.
33
Let i = -521 + 563. Let h = 1393 + -994. What is the highest common divisor of h and i?
21
Let s(w) = -166*w + 1305. Let h be s(-6). What is the greatest common divisor of h and 885?
177
Let h(m) = -3*m**2 - 26*m + 12. Let x(j) = 5*j + 6. Let g be x(-3). Let s be h(g). What is the greatest common factor of s and 51?
3
Suppose 704*h + 5*x = 703*h + 52, -4*h + 162 = -3*x. Calculate the greatest common factor of h and 2688.
42
Let s = 205 - 172. Suppose 584 = 2*d + 5*h, 3*h = -8*d + 13*d - 1491. Calculate the greatest common factor of d and s.
33
Let v(n) = -7*n + 16. Let w be v(2). Suppose 0 = -4*p - 3*c + 36, 4*p + 3*c - 28 = -w*c. Calculate the highest common factor of 192 and p.
12
Let o = 18706 - 11980. Calculate the greatest com